common factor of 9 and 37?
1
What is the highest common divisor of 101 and 56055?
101
Calculate the highest common divisor of 86 and 1247.
43
Calculate the greatest common divisor of 2109 and 228.
57
What is the greatest common factor of 78 and 114?
6
What is the highest common factor of 6 and 18?
6
What is the greatest common divisor of 50 and 410?
10
Calculate the greatest common factor of 267 and 623.
89
Calculate the highest common factor of 1431 and 72.
9
What is the highest common factor of 83 and 664?
83
Calculate the greatest common factor of 18 and 558.
18
Calculate the greatest common factor of 135 and 740.
5
What is the greatest common divisor of 9 and 1899?
9
Calculate the greatest common divisor of 49 and 1764.
49
Calculate the highest common factor of 635 and 1524.
127
What is the highest common divisor of 112 and 128?
16
What is the greatest common divisor of 1845 and 5?
5
Calculate the greatest common factor of 29 and 8642.
29
What is the highest common factor of 95 and 65?
5
Calculate the highest common divisor of 240 and 30.
30
What is the highest common factor of 1334 and 232?
58
Calculate the highest common factor of 948 and 84.
12
Calculate the greatest common divisor of 23 and 207.
23
Calculate the greatest common factor of 392 and 49.
49
What is the highest common factor of 73 and 365?
73
What is the highest common factor of 25 and 1975?
25
What is the greatest common factor of 52 and 68?
4
Calculate the greatest common factor of 88 and 40.
8
What is the highest common factor of 56 and 378?
14
Calculate the greatest common factor of 111 and 74.
37
Calculate the greatest common divisor of 255 and 45.
15
Calculate the greatest common divisor of 276 and 1748.
92
Calculate the greatest common factor of 126 and 5726.
14
Calculate the highest common divisor of 77 and 189.
7
Calculate the greatest common divisor of 2144 and 4.
4
Calculate the greatest common factor of 264 and 33.
33
What is the greatest common factor of 224 and 32?
32
What is the greatest common factor of 525 and 300?
75
Calculate the greatest common divisor of 232 and 40.
8
What is the highest common divisor of 8879 and 104?
13
Calculate the greatest common factor of 6 and 4086.
6
Calculate the greatest common factor of 16 and 10.
2
What is the greatest common factor of 43 and 6321?
43
Calculate the highest common divisor of 96 and 6.
6
What is the highest common divisor of 801 and 12?
3
What is the greatest common factor of 624 and 24?
24
What is the greatest common divisor of 705 and 1128?
141
Calculate the highest common factor of 528 and 66.
66
What is the highest common divisor of 913 and 11?
11
Calculate the greatest common divisor of 19635 and 21.
21
Calculate the greatest common divisor of 34 and 272.
34
Calculate the greatest common divisor of 9 and 2007.
9
Calculate the greatest common divisor of 518 and 37.
37
What is the highest common divisor of 329 and 141?
47
What is the highest common factor of 341 and 44?
11
Calculate the highest common factor of 140 and 2430.
10
Calculate the greatest common factor of 56 and 16.
8
Calculate the greatest common divisor of 462 and 714.
42
What is the greatest common divisor of 9261 and 21?
21
Calculate the highest common factor of 270 and 864.
54
Calculate the greatest common divisor of 8 and 1.
1
Calculate the greatest common factor of 752 and 128.
16
Calculate the greatest common factor of 34 and 2941.
17
What is the greatest common divisor of 81 and 1161?
27
Calculate the highest common divisor of 172 and 215.
43
What is the highest common factor of 10827 and 27?
27
What is the highest common divisor of 384 and 36?
12
What is the highest common factor of 455 and 520?
65
Calculate the highest common factor of 27999 and 306.
153
Calculate the greatest common divisor of 513 and 19.
19
What is the highest common divisor of 44 and 8294?
22
Calculate the greatest common factor of 1375 and 125.
125
What is the greatest common factor of 17232 and 72?
24
What is the highest common factor of 424 and 318?
106
What is the greatest common divisor of 266 and 28?
14
What is the highest common divisor of 612 and 252?
36
Calculate the highest common divisor of 174 and 22794.
174
Calculate the highest common divisor of 3855 and 5.
5
Calculate the greatest common divisor of 4 and 244.
4
Calculate the greatest common divisor of 35 and 1393.
7
Calculate the greatest common divisor of 48208 and 46.
46
What is the greatest common divisor of 1041 and 21?
3
Calculate the highest common divisor of 14520 and 220.
220
Calculate the highest common factor of 765 and 45.
45
Calculate the greatest common divisor of 40 and 72.
8
What is the highest common factor of 400 and 77200?
400
What is the highest common factor of 16 and 2032?
16
What is the greatest common divisor of 406 and 1036?
14
What is the highest common divisor of 21 and 4179?
21
Calculate the greatest common factor of 1156 and 102.
34
What is the highest common divisor of 8 and 52?
4
Calculate the greatest common divisor of 36 and 7116.
12
What is the greatest common factor of 4 and 62?
2
What is the greatest common factor of 6 and 92?
2
Calculate the highest common factor of 22 and 11341.
11
What is the highest common divisor of 33340 and 20?
20
Calculate the greatest common divisor of 477 and 9.
9
What is the greatest common divisor of 25 and 35?
5
What is the highest common divisor of 135 and 180?
45
What is the greatest common factor of 440 and 165?
55
What is the highest common factor of 52 and 793?
13
What is the highest common divisor of 61 and 16409?
61
Calculate the highest common divisor of 1400 and 56.
56
Calculate the greatest common factor of 14 and 6832.
14
What is the greatest common divisor of 428 and 10807?
107
Calculate the highest common factor of 31 and 341.
31
Calculate the greatest common factor of 1065 and 75.
15
What is the greatest common factor of 3243 and 36?
3
Calculate the greatest common divisor of 1000 and 30.
10
What is the highest common factor of 527 and 34?
17
What is the highest common divisor of 16 and 4?
4
Calculate the greatest common divisor of 24 and 712.
8
Calculate the greatest common divisor of 64 and 368.
16
Calculate the greatest common factor of 3399 and 264.
33
Calculate the highest common factor of 4098 and 6.
6
What is the highest common factor of 2185 and 1265?
115
Calculate the highest common factor of 26875 and 50.
25
What is the highest common divisor of 64 and 1216?
64
Calculate the greatest common divisor of 1422 and 18.
18
Calculate the greatest common factor of 3096 and 54.
18
What is the highest common divisor of 1150 and 50?
50
Calculate the highest common divisor of 9 and 1413.
9
Calculate the highest common divisor of 204 and 24.
12
Calculate the greatest common factor of 20 and 720.
20
Calculate the highest common factor of 3154 and 190.
38
Calculate the greatest common divisor of 66 and 35211.
33
What is the greatest common divisor of 1970 and 40?
10
What is the greatest common divisor of 34 and 2533?
17
Calculate the highest common factor of 8272 and 176.
176
What is the highest common divisor of 35 and 3780?
35
Calculate the highest common divisor of 37 and 1813.
37
Calculate the greatest common divisor of 424 and 248.
8
Calculate the highest common divisor of 20687 and 755.
151
Calculate the highest common factor of 8 and 536.
8
What is the greatest common factor of 12 and 21?
3
What is the greatest common factor of 111 and 4218?
111
Calculate the highest common factor of 13 and 767.
13
What is the greatest common factor of 650 and 10?
10
Calculate the highest common divisor of 561 and 51.
51
What is the highest common divisor of 12 and 108?
12
What is the greatest common divisor of 48 and 1236?
12
What is the greatest common divisor of 12 and 5268?
12
Calculate the highest common factor of 260 and 156.
52
Calculate the greatest common factor of 228 and 1764.
12
Calculate the highest common divisor of 23 and 43079.
23
What is the greatest common factor of 525 and 14?
7
What is the highest common factor of 135 and 60?
15
Calculate the greatest common divisor of 10 and 6.
2
Calculate the highest common factor of 66 and 1122.
66
What is the highest common factor of 9 and 747?
9
Calculate the greatest common 